 = 49*t**2 - 490*t + 10. What is p(10)?
10
Let a(x) = -21*x - 803. Determine a(-42).
79
Let v(n) = -56*n**3 + 335*n**2 + 18*n - 38. Calculate v(6).
34
Let w(j) = -j**3 + 40*j**2 + 125*j + 156. Determine w(43).
-16
Let s(v) = v**2 + 7*v - 311. What is s(14)?
-17
Let n(m) = -1676*m + 6777. Determine n(4).
73
Let n(c) = -58*c + 1908. Determine n(33).
-6
Let a(v) = v**3 - 5*v**2 - 10*v - 41. Calculate a(7).
-13
Let c(w) = -163*w**3 - w**2 + 6*w - 5. What is c(1)?
-163
Let q(s) = 6*s**3 + s**2 - 3*s - 4. Determine q(-2).
-42
Let y(c) = -5*c + 76. Give y(11).
21
Let j(k) = k**3 + 29*k**2 + 23*k - 848. What is j(-27)?
-11
Let t(y) = 1002*y + 41071. Give t(-41).
-11
Let o(d) = -64*d - 18373. What is o(-287)?
-5
Let n(r) = -13*r**2 + 284*r + 1756. Calculate n(-6).
-416
Let b(z) = z**2 - 6868*z + 41167. Give b(6).
-5
Let r(x) = -67*x**2 - 3348*x + 70. What is r(-50)?
-30
Let w(c) = 862*c + 61221. Determine w(-71).
19
Let c(f) = 42*f**3 - 39*f**2 - 17*f + 18. Give c(1).
4
Let x(j) = 3*j**2 + 70*j - 742. What is x(8)?
10
Let w(y) = -117*y + 956. What is w(7)?
137
Let m(i) = -62*i**2 + 3218*i + 306. Calculate m(52).
-6
Let m(a) = 4*a**3 + 5*a**2 + 24*a - 74. Give m(2).
26
Let o(h) = 24*h**2 - 69*h - 4. Determine o(3).
5
Let c(m) = 55*m - 191. Calculate c(4).
29
Let m(q) = -19*q - 206. Determine m(-15).
79
Let a(m) = 2*m**2 - 80*m - 864. Determine a(-9).
18
Let r(p) = 477*p + 49621. Give r(-104).
13
Let m(x) = 4*x**2 + 484*x - 1999. What is m(4)?
1
Let c(o) = o**3 - 21*o**2 - 65. Calculate c(21).
-65
Let z(u) = -2*u**3 - 75*u**2 - 24*u + 81. Calculate z(-37).
-400
Let k(z) = -3*z**3 - 79*z**2 + 55*z + 3. What is k(-27)?
-24
Let p(u) = -u**3 - u**2 - 252*u - 252. Give p(-1).
0
Let f(w) = -171*w**2 - 269*w. Give f(-2).
-146
Let y(z) = -3*z**3 + 86*z**2 - 33*z - 672. Determine y(28).
-28
Let i(c) = 95*c - 6752. Determine i(71).
-7
Let t(l) = -273*l + 8232. What is t(30)?
42
Let c(q) = 2*q**2 - 8*q + 8. Give c(2).
0
Let a(t) = 11*t + 573. Calculate a(-49).
34
Let g(w) = -w**3 - 20*w**2 + 108*w - 419. Determine g(-25).
6
Let v(m) = -2*m**2 + 15*m + 539. Give v(-13).
6
Let t(x) = x**3 + 368*x**2 - 778*x - 14062. Determine t(-370).
-2
Let q(j) = 2*j**3 - 6*j**2 + 12*j + 22. Determine q(5).
182
Let c(t) = -4*t**3 + 31*t**2 + 10*t - 31. Determine c(8).
-15
Let r(o) = 22*o**3 - 9*o**2 - 8*o + 1. Determine r(-1).
-22
Let u(j) = j**2 - 4*j + 174. Calculate u(7).
195
Let n(c) = 2*c**2 - 24*c - 657. Determine n(-14).
71
Let t(r) = 206*r + 1838. Give t(-9).
-16
Let f(o) = -2*o**3 - 7*o**2 - o + 12. Determine f(-5).
92
Let h(o) = o**3 - 3*o**2 - 26*o + 86. Give h(5).
6
Let p(u) = -u**3 + 41*u**2 + 37*u + 78. Determine p(42).
-132
Let o(k) = -2*k**2 - 95*k - 456. Give o(-42).
6
Let i(h) = 2*h**2 + 39*h - 149. Give i(-22).
-39
Let c(u) = 61*u - 5615. What is c(92)?
-3
Let k(m) = -47*m**2 + 284*m - 18. What is k(6)?
-6
Let c(i) = 8*i + 420. What is c(-47)?
44
Let t(z) = z - 114. What is t(10)?
-104
Let x(i) = 51*i**2 + 1213*i - 1211. Determine x(1).
53
Let v(w) = -54*w**2 - 4*w + 4. What is v(-2)?
-204
Let a(f) = 29*f**2 - 3*f - 7. What is a(3)?
245
Let u(a) = -4*a**2 - 37*a + 366. Calculate u(6).
0
Let u(t) = -324*t - 1145. What is u(-2)?
-497
Let j(q) = 75*q + 992. Determine j(-13).
17
Let o(m) = -27*m + 442. Calculate o(16).
10
Let j(w) = 2*w**3 - 169*w**2 - 1890*w + 2. Give j(-10).
2
Let q(u) = u**3 - 55*u**2 + 104*u + 120. Calculate q(53).
14
Let s(k) = -k**3 - k**2 + 23*k - 17. What is s(-7)?
116
Let d(g) = g**3 + 9*g**2 + 23*g + 28. Give d(-6).
-2
Let m(s) = -s**3 + 93*s**2 - 1174*s + 305. Give m(78).
-7
Let k(b) = -b**3 - 89*b**2 - 344*b - 398. Calculate k(-85).
-58
Let r(w) = w**2 + 80*w + 1347. What is r(-22)?
71
Let v(r) = r**3 + 32*r**2 + 40*r + 198. Determine v(-31).
-81
Let d(z) = z**3 - 84*z**2 + 88*z - 438. Give d(83).
-23
Let k(f) = f**3 - 14*f**2 + 24*f + 8. Give k(12).
8
Let f(v) = -3*v**3 + 140*v**2 - 491*v + 768. What is f(43)?
-6
Let x(d) = -19*d**2 - 59*d + 195. What is x(3)?
-153
Let o(c) = 170*c - 5955. Give o(35).
-5
Let w(t) = 10*t**2 - 2*t + 3. Determine w(-4).
171
Let k(j) = j**2 - 42*j + 37. Determine k(42).
37
Let i(r) = r**2 - 27*r - 750. Give i(-17).
-2
Let m(h) = -h**2 + 16*h - 22. Determine m(14).
6
Let x(t) = 2*t**2 - 529*t + 1580. Calculate x(3).
11
Let c(z) = -5*z + 102. What is c(18)?
12
Let u(a) = -a**2 + 324*a - 19682. Determine u(81).
1
Let a(p) = -2*p**3 - 15*p**2 + 6*p - 20. Calculate a(-8).
-4
Let h(c) = c**3 + 34*c**2 + 103*c + 312. Give h(-31).
2
Let t(k) = 3*k**2 + 392*k + 6830. Calculate t(-110).
10
Let l(w) = w**3 + 27*w**2 - 46*w + 316. Give l(-29).
-32
Let j(t) = -8*t**2 - 84*t + 268. Give j(-13).
8
Let u(m) = -2*m**2 + 62*m - 2. Give u(27).
214
Let a(b) = -8*b**3 + 2*b**2 + 42*b - 127. What is a(4)?
-439
Let g(q) = -q**2 + q - 279. Give g(16).
-519
Let h(z) = -113*z - 511. What is h(-4)?
-59
Let g(m) = -m**3 - 12*m**2 - 32*m + 27. Determine g(-7).
6
Let n(f) = 7*f - 13. Determine n(8).
43
Let j(a) = 11*a**2 + 526*a - 83. Calculate j(-48).
13
Let b(m) = 340*m + 5938. Give b(-18).
-182
Let x(d) = -d**3 - 12*d**2 - 11*d - 98. Calculate x(-12).
34
Let s(b) = b**3 + b**2 + 8*b - 7. Determine s(0).
-7
Let p(w) = 241*w - 1702. Determine p(7).
-15
Let b(g) = 2*g**2 + 125*g - 75. Determine b(-63).
-12
Let o(p) = 1113*p - 97939. What is o(88)?
5
Let x(r) = 180*r - 824. Give x(5).
76
Let d(x) = -x**2 - 6*x - 8. Calculate d(-4).
0
Let y(u) = 96*u - 2665. Calculate y(28).
23
Let j(k) = -275*k + 160. Calculate j(0).
160
Let u(l) = 2*l**2 - 7*l + 340. Determine u(14).
634
Let v(y) = -2*y**3 - 84*y**2 + 268*y - 108. Calculate v(-45).
-18
Let m(y) = 16*y**3 + 103*y**2 + 9*y - 5. Give m(-5).
525
Let b(i) = 15*i**2 - 153*i + 22. Determine b(10).
-8
Let n(a) = -a**3 + 22*a**2 - 65*a + 510. Calculate n(20).
10
Let j(r) = -15*r - 11. Calculate j(-6).
79
Let f(p) = -44*p + 2055. What is f(45)?
75
Let d(o) = -5*o**3 + 18*o**2 - 18*o + 26. Determine d(3).
-1
Let i(h) = 1308*h + 52295. Give i(-40).
-25
Let q(z) = 2*z**3 - z**2 - 2*z - 9. Determine q(-4).
-145
Let j(v) = 8*v + 89. Give j(-12).
-7
Let u(d) = -d**3 - 10*d**2 + 4*d + 155. Calculate u(-8).
-5
Let j(w) = w**3 - 10*w**2 - 4*w + 186. Determine j(8).
26
Let c(z) = 8*z**2 + 18*z + 2. Determine c(-1).
-8
Let c(m) = -110*m + 490. Determine c(4).
50
Let j(h) = 30*h**2 - 10*h + 11. Calculate j(1).
31
Let l(s) = -5*s + 73. Give l(5).
48
Let y(q) = -5*q**2 - 49*q + 471. Give y(8).
-241
Let h(g) = -119*g**2 + 476*g - 6. Give h(4).
-6
Let b(g) = -g**3 - 34*g**2 - 2*g - 73. Calculate b(-34).
-5
Let f(p) = 35*p**2 + 1434*p - 50. Determine f(-41).
-9
Let p(v) = -v**2 + 43*v + 29. What is p(36)?
281
Let s(m) = -23*m + 176. What is s(20)?
-284
Let g(w) = -w**3 + 2*w**2 + 5*w + 72. Determine g(6).
-42
Let i(w) = -16*w + 93. Calculate i(12).
-99
Let b(k) = -k**2 - 55*k - 489. Give b(-50).
-239
Let w(n) = 12*n + 459. Determine w(-36).
27
Let o(d) = -77*d - 117. What is o(0)?
-117
Let y(v) = v**3 + 71*v**2 + 149*v - 42. Calculate y(-69).
-801
Let h(s) = -s**3 - 2*s**2 + 12*s - 7. Determine h(3).
-16
Let z(s) = 16*s**2 + 29*s - 137. What is z(4)?
235
Let z(c) = -c**3 + 6*c**2 - 2*c - 34. Calculate z(5).
-19
Let b(q) = -51*q - 602. Calculate b(-12).
10
Let i(x) = -2*x + 333. Determine i(32).
269
Let j(s) = -s**2 + 134*s + 1113. Calculate j(-8).
-23
Let c(i) = 2*i**3 - 14*i**2 + 19*i - 7. Give c(6).
35
Let t(l) = -l**2 - 3*l + 33. What is t(6)?
-21
Let r(d) = d**3 - 10*d**2 - 861*d + 9343. Calculate r(11).
-7
Let h(r) = -r**3 + 14*r**2 - 2*r + 22. Calculate h(15).
-233
Let h(l) = -l**3 - 45*l**2 - 130*l - 3776. Determine h(-44).
8
Let t(o) = o**2 + 11*o + 152. What is t(0)?
152
Let n(f) = -2*f**3 + 175*f**2 + 6905*f - 232. Give n(117).
2
Let g(y) = -106*y**2 + 1484*y - 6. Determine g(14).
-6
Let p(l) = -l**2 - 15*l + 36. Calculate p(-17).
2
Let i(f) = 3*f**2 - 72*f - 86. Calculate i(25).
-11
Let h(c) = 3301*c - 56108. Calculate h(17).
9
Let x(j) = -6*j + 56. What is x(12)?
-16
Let c(f) = -12*f**3 - 9*f**2 + 17*f - 1. Give c(3).
-355
Let o(x) = -x**3 - 81*x**2 + 92*x + 804. What is o(-82)?
-16
Let k(y) = -3*y + 258. Give k(46).
120
Let g(y) = -2*y**3 + 29*y**2 - 106*y + 18. Determine g(8).
2
Let d(k) = -14*k**2 - 28*k - 195. Calculate d(-6).
-531
Let k(z) = -1345*z + 53813. Give k(40).
13
Let h(r) = -r**3 - 